the prime factors of 51788081?
1049, 49369
List the prime factors of 569495264.
2, 13, 1368979
What are the prime factors of 65332178?
2, 32666089
What are the prime factors of 135192967?
7, 13, 1201, 1237
What are the prime factors of 119493503?
119493503
List the prime factors of 64469554.
2, 103, 131, 2389
List the prime factors of 59764685.
5, 79, 151303
What are the prime factors of 151924343?
61, 1033, 2411
List the prime factors of 204259215.
3, 5, 19, 67, 563
What are the prime factors of 1382538114?
2, 3, 76807673
List the prime factors of 2139986298.
2, 3, 67, 103, 51683
List the prime factors of 27403150.
2, 5, 17, 103, 313
List the prime factors of 987497191.
761, 1297631
What are the prime factors of 2098410214?
2, 1049205107
What are the prime factors of 27280046?
2, 71, 192113
List the prime factors of 585705132.
2, 3, 16269587
List the prime factors of 178762503.
3, 37, 1610473
List the prime factors of 7413813830.
2, 5, 741381383
What are the prime factors of 11282370?
2, 3, 5, 11, 179, 191
What are the prime factors of 116489248?
2, 3640289
List the prime factors of 807428721.
3, 11, 24467537
What are the prime factors of 6775258?
2, 7, 163, 2969
What are the prime factors of 27765720?
2, 3, 5, 47, 547
What are the prime factors of 51366159?
3, 13, 47, 9341
What are the prime factors of 449083575?
3, 5, 53, 12553
What are the prime factors of 103603709?
11, 77839
What are the prime factors of 191320593?
3, 63773531
What are the prime factors of 50796479?
50796479
What are the prime factors of 16557597?
3, 7, 262819
What are the prime factors of 69938754?
2, 3, 67, 173977
List the prime factors of 6479615.
5, 29, 44687
What are the prime factors of 59044791?
3, 13, 17, 89057
List the prime factors of 488862015.
3, 5, 967, 33703
What are the prime factors of 232569818?
2, 13, 47, 83, 2293
What are the prime factors of 10045848?
2, 3, 23, 18199
List the prime factors of 4195504020.
2, 3, 5, 7211, 9697
List the prime factors of 73085661.
3, 11, 151, 4889
List the prime factors of 997426975.
5, 17, 2346887
List the prime factors of 1207403140.
2, 5, 59, 457, 2239
What are the prime factors of 735765528?
2, 3, 30656897
List the prime factors of 34418465.
5, 23, 53, 5647
List the prime factors of 433386246.
2, 3, 72231041
What are the prime factors of 2603213832?
2, 3, 97, 1118219
List the prime factors of 4986040774.
2, 11, 13, 17433709
List the prime factors of 327051010.
2, 5, 11, 13, 228707
What are the prime factors of 503075605?
5, 263, 382567
What are the prime factors of 1829085103?
19, 163, 590599
What are the prime factors of 53394466?
2, 26697233
What are the prime factors of 151128939?
3, 13, 3875101
List the prime factors of 52994657.
1289, 41113
List the prime factors of 3062241117.
3, 13, 1459, 17939
List the prime factors of 3339969296.
2, 67, 3115643
What are the prime factors of 281258784?
2, 3, 31, 10501
What are the prime factors of 1375184983?
19, 67, 1080271
What are the prime factors of 3093671968?
2, 17, 313, 18169
What are the prime factors of 16673934?
2, 3, 2778989
What are the prime factors of 993520779?
3, 331173593
List the prime factors of 112001168.
2, 17, 23, 17903
List the prime factors of 68899465.
5, 71, 194083
List the prime factors of 60492952.
2, 13, 581663
List the prime factors of 1580198293.
89, 103, 223, 773
What are the prime factors of 5990701946?
2, 23, 4651, 28001
What are the prime factors of 248958348?
2, 3, 23, 37, 24379
What are the prime factors of 1908098257?
13, 146776789
What are the prime factors of 263213526?
2, 3, 43868921
List the prime factors of 12845798.
2, 7, 917557
What are the prime factors of 173720843?
173720843
What are the prime factors of 135165477?
3, 37, 32911
What are the prime factors of 559211024?
2, 397, 88037
List the prime factors of 1599384785.
5, 41, 43, 181439
List the prime factors of 781178631.
3, 631, 412667
List the prime factors of 748668436.
2, 73, 2563933
What are the prime factors of 2378269927?
11, 17, 101, 125921
List the prime factors of 495262246.
2, 19, 1489, 8753
List the prime factors of 169759174.
2, 13, 167, 39097
List the prime factors of 6724835.
5, 13, 307, 337
What are the prime factors of 282845074?
2, 3217, 43961
List the prime factors of 193349372.
2, 59, 127, 6451
List the prime factors of 39258011.
13, 43, 70229
List the prime factors of 772949061.
3, 101, 107, 883
What are the prime factors of 1475550589?
24473, 60293
What are the prime factors of 21811103?
29, 752107
List the prime factors of 41065411.
4759, 8629
What are the prime factors of 14669530?
2, 5, 1466953
List the prime factors of 1325670708.
2, 3, 110472559
List the prime factors of 776919468.
2, 3, 13, 4980253
What are the prime factors of 3218768506?
2, 14551, 110603
List the prime factors of 605721042.
2, 3, 33651169
List the prime factors of 698699185.
5, 61, 2290817
List the prime factors of 137084582.
2, 19, 3607489
What are the prime factors of 87490132?
2, 887, 24659
List the prime factors of 1515196.
2, 41, 9239
What are the prime factors of 15896800?
2, 5, 31, 641
What are the prime factors of 77405868?
2, 3, 41, 5827
List the prime factors of 234743105.
5, 2731, 17191
What are the prime factors of 3289606977?
3, 83, 13211273
What are the prime factors of 465005294?
2, 13, 17884819
What are the prime factors of 1787065144?
2, 29, 97, 79411
List the prime factors of 6313763105.
5, 13, 83, 90023
List the prime factors of 2675920156.
2, 7, 13, 17, 432437
List the prime factors of 493031799.
3, 13, 1404649
What are the prime factors of 151816416?
2, 3, 1581421
What are the prime factors of 701472833?
701472833
List the prime factors of 44349586.
2, 1009, 21977
What are the prime factors of 9557774216?
2, 1194721777
List the prime factors of 4734310.
2, 5, 7, 47, 1439
List the prime factors of 15157273.
15157273
What are the prime factors of 40155134?
2, 20077567
What are the prime factors of 727722115?
5, 145544423
List the prime factors of 1574563434.
2, 3, 262427239
What are the prime factors of 471410368?
2, 11, 13, 19, 2711
What are the prime factors of 49183078?
2, 7, 3513077
What are the prime factors of 268554393?
3, 43, 227, 1019
List the prime factors of 443621829.
3, 7, 61, 346309
List the prime factors of 262510732.
2, 11, 5966153
List the prime factors of 715554289.
239, 2993951
What are the prime factors of 5206880405?
5, 109, 197, 48497
What are the prime factors of 39008927?
101, 386227
What are the prime factors of 7422542?
2, 3711271
List the prime factors of 188189707.
188189707
What are the prime factors of 925543412?
2, 4339, 53327
What are the prime factors of 6849923219?
6849923219
What are the prime factors of 873941303?
29, 883, 34129
List the prime factors of 271628352.
2, 3, 409, 1153
What are the prime factors of 1727268160?
2, 5, 5397713
List the prime factors of 176602157.
176602157
List the prime factors of 272646961.
43, 89, 191, 373
What are the prime factors of 22937522?
2, 17, 19, 35507
What are the prime factors of 53472871?
17, 3145463
List the prime factors of 557566995.
3, 5, 41, 906613
List the prime factors of 175334227.
3821, 45887
What are the prime factors of 1309251527?
53, 149, 317, 523
What are the prime factors of 373521364?
2, 37, 337, 7489
What are the prime factors of 143293320?
2, 3, 5, 132679
What are the prime factors of 38736139?
13, 157, 18979
What are the prime factors of 420247587?
3, 89, 1573961
What are the prime factors of 228443008?
2, 17, 277, 379
List the prime factors of 45700428.
2, 3, 71, 53639
List the prime factors of 60082860.
2, 3, 5, 1001381
What are the prime factors of 77973717?
3, 101, 257339
What are the prime factors of 120741933?
3, 13, 139, 22273
List the prime factors of 2495181418.
2, 1321, 944429
List the prime factors of 408821395.
5, 109, 750131
List the prime factors of 207289131.
3, 7, 9870911
What are the prime factors of 3029560537?
51829, 58453
What are the prime factors of 269427393?
3, 487, 61471
List the prime factors of 287403651.
3, 131, 243769
What are the prime factors of 9460353?
3, 7, 450493
List the prime factors of 9391081.
7, 37, 101, 359
What are the prime factors of 206339902?
2, 73, 419, 3373
What are the prime factors of 42855644?
2, 13, 824147
List t